What is the tens digit of 5968586?
8
What is the tens digit of 1283324?
2
What is the millions digit of 1641400?
1
What is the thousands digit of 287121?
7
What is the hundreds digit of 212293?
2
What is the tens digit of 603148?
4
What is the units digit of 760636?
6
What is the ten thousands digit of 232170?
3
What is the millions digit of 6778235?
6
What is the hundreds digit of 8528851?
8
What is the hundreds digit of 6115793?
7
What is the millions digit of 15706511?
5
What is the ten thousands digit of 20141335?
4
What is the ten millions digit of 28040950?
2
What is the hundred thousands digit of 316956?
3
What is the thousands digit of 1217732?
7
What is the thousands digit of 851189?
1
What is the units digit of 1745918?
8
What is the tens digit of 228158?
5
What is the ten thousands digit of 594535?
9
What is the hundred thousands digit of 5082428?
0
What is the hundred thousands digit of 543619?
5
What is the ten thousands digit of 16551123?
5
What is the units digit of 938349?
9
What is the units digit of 389654?
4
What is the hundreds digit of 66793?
7
What is the hundreds digit of 1323998?
9
What is the hundred thousands digit of 347963?
3
What is the hundred thousands digit of 241952?
2
What is the hundreds digit of 2910492?
4
What is the tens digit of 394061?
6
What is the ten thousands digit of 7680663?
8
What is the hundred thousands digit of 15195147?
1
What is the millions digit of 22368365?
2
What is the tens digit of 601898?
9
What is the hundreds digit of 424588?
5
What is the tens digit of 767333?
3
What is the thousands digit of 481994?
1
What is the thousands digit of 1691819?
1
What is the ten thousands digit of 4356272?
5
What is the ten thousands digit of 4570689?
7
What is the thousands digit of 4550372?
0
What is the hundred thousands digit of 18187769?
1
What is the units digit of 1311033?
3
What is the units digit of 685689?
9
What is the ten millions digit of 13230935?
1
What is the thousands digit of 60872?
0
What is the hundreds digit of 188204?
2
What is the hundreds digit of 103287?
2
What is the hundreds digit of 441799?
7
What is the thousands digit of 5400?
5
What is the thousands digit of 315971?
5
What is the thousands digit of 2002130?
2
What is the units digit of 2111575?
5
What is the units digit of 177557?
7
What is the tens digit of 7003645?
4
What is the units digit of 667381?
1
What is the millions digit of 3093247?
3
What is the hundred thousands digit of 519191?
5
What is the hundreds digit of 2124617?
6
What is the millions digit of 1205667?
1
What is the ten thousands digit of 1825349?
2
What is the thousands digit of 8586236?
6
What is the thousands digit of 479231?
9
What is the units digit of 260165?
5
What is the hundreds digit of 8230721?
7
What is the tens digit of 19330699?
9
What is the tens digit of 240209?
0
What is the hundreds digit of 224733?
7
What is the hundred thousands digit of 337212?
3
What is the ten thousands digit of 99197?
9
What is the thousands digit of 2654150?
4
What is the ten thousands digit of 234251?
3
What is the ten thousands digit of 27325683?
2
What is the units digit of 535062?
2
What is the hundreds digit of 1985083?
0
What is the units digit of 2474524?
4
What is the tens digit of 3833880?
8
What is the hundreds digit of 12291656?
6
What is the thousands digit of 735061?
5
What is the hundreds digit of 30552343?
3
What is the hundreds digit of 766333?
3
What is the ten thousands digit of 119397?
1
What is the millions digit of 5186869?
5
What is the units digit of 86558?
8
What is the tens digit of 1428294?
9
What is the hundreds digit of 1118689?
6
What is the hundreds digit of 202315?
3
What is the hundreds digit of 74813?
8
What is the ten thousands digit of 2306954?
0
What is the units digit of 198439?
9
What is the units digit of 63321?
1
What is the ten thousands digit of 1774415?
7
What is the ten thousands digit of 4140045?
4
What is the ten thousands digit of 2012386?
1
What is the hundreds digit of 6901367?
3
What is the units digit of 137982?
2
What is the millions digit of 4413151?
4
What is the hundreds digit of 197897?
8
What is the tens digit of 22434189?
8
What is the hundred thousands digit of 600002?
6
What is the units digit of 647989?
9
What is the units digit of 7641578?
8
What is the hundred thousands digit of 3471125?
4
What is the hundreds digit of 884667?
6
What is the millions digit of 5883685?
5
What is the hundreds digit of 260776?
7
What is the ten thousands digit of 32306?
3
What is the units digit of 58127?
7
What is the hundred thousands digit of 1564568?
5
What is the hundreds digit of 23552503?
5
What is the thousands digit of 2214330?
4
What is the thousands digit of 12165?
2
What is the ten thousands digit of 457207?
5
What is the hundred thousands digit of 2037801?
0
What is the hundreds digit of 365184?
1
What is the thousands digit of 932443?
2
What is the millions digit of 30351420?
0
What is the hundred thousands digit of 1308361?
3
What is the hundred thousands digit of 17239504?
2
What is the millions digit of 2212006?
2
What is the thousands digit of 33947004?
7
What is the thousands digit of 299078?
9
What is the ten thousands digit of 828583?
2
What is the ten millions digit of 18706026?
1
What is the units digit of 34298583?
3
What is the millions digit of 4340957?
4
What is the tens digit of 785778?
7
What is the thousands digit of 580247?
0
What is the thousands digit of 1194750?
4
What is the ten thousands digit of 4196556?
9
What is the units digit of 482797?
7
What is the hundreds digit of 1815781?
7
What is the tens digit of 193078?
7
What is the ten thousands digit of 1131270?
3
What is the hundred thousands digit of 23890907?
8
What is the tens digit of 101356?
5
What is the tens digit of 294628?
2
What is the hundred thousands digit of 22051149?
0
What is the hundred thousands digit of 24159845?
1
What is the hundreds digit of 276581?
5
What is the ten thousands digit of 85796?
8
What is the hundreds digit of 306582?
5
What is the units digit of 1966913?
3
What is the hundred thousands digit of 1875539?
8
What is the hundreds digit of 4930249?
2
What is the hundred thousands digit of 121094?
1
What is the units digit of 359485?
5
What is the millions digit of 5714909?
5
What is the ten millions digit of 10245993?
1
What is the hundreds digit of 6055009?
0
What is the hundreds digit of 18533243?
2
What is the thousands digit of 293464?
3
What is the millions digit of 3079222?
3
What is the hundreds digit of 22014056?
0
What is the hundred thousands digit of 455251?
4
What is the ten thousands digit of 1355447?
5
What is the ten thousands digit of 1777677?
7
What is the hundreds digit of 661598?
5
What is the hundred thousands digit of 25110405?
1
What is the hundreds digit of 425957?
9
What is the ten thousands digit of 20545749?
4
What is the tens digit of 11655358?
5
What is the thousands digit of 521081?
1
What is the tens digit of 748977?
7
What is the thousands digit of 115644?
5
What is the thousands digit of 7279054?
9
What is the hundreds digit of 870700?
7
What is the hundreds digit of 167401?
4
What is the thousands digit of 1010958?
0
What is the units digit of 805955?
5
What is the thousands digit of 847977?
7
What is the hundred thousands digit of 860574?
8
What is the millions digit of 2989851?
2
What is the units digit of 386200?
0
What is the tens digit of 882017?
1
What is the thousands digit of 186679?
6
What is the tens digit of 7572841?
4
What is the units digit of 53402?
2
What is the units digit of 75394?
4
What is the hundreds digit of 955581?
5
What is the thousands digit of 13337391?
7
What is the millions digit of 1394929?
1
What is the hundred thousands digit of 292982?
2
What is the units digit of 485670?
0
What is the thousands digit of 25149538?
9
What is the units digit of 48679?
9
What is the units digit of 13448?
8
What is the tens digit of 677256?
5
What is the hundreds digit of 19662046?
0
What is the ten millions digit of 22486568?
2
What is the tens digit of 1008306?
0
What is the units digit of 8983616?
6
What is the units digit of 6934403?
3
What is the hundreds digit of 2722553?
5
What is the hundred thousands digit of 4389118?
3
What is the tens digit o